*4. List the prime factors of l(10).
11
Let m(x) = 21*x**2 - 20*x. Let h be 4/(-6) - 28/(-6). What are the prime factors of m(h)?
2
Let x(g) be the first derivative of 5*g**2/2 + 24*g - 6. What are the prime factors of x(12)?
2, 3, 7
Suppose 6*m = 3*m + 15. Suppose 2*b + 84 = 4*d - 26, m*d = 4*b + 223. Let q = 96 + b. List the prime factors of q.
3, 13
Let s(v) be the second derivative of -1/4*v**4 + 5/2*v**2 + 2/5*v**5 + 0 + 2*v - 1/6*v**3. List the prime factors of s(2).
5, 11
Let r be (1/4*0)/(-2). Suppose 2*w - 48 - 56 = r. What are the prime factors of w?
2, 13
Let z(o) = -61*o + 371. What are the prime factors of z(-5)?
2, 13
Let k(v) = -64*v - 1. List the prime factors of k(-10).
3, 71
Let p(r) = -2*r**3 + 35*r**2 - 17*r + 2. Let n be p(17). Suppose -163 = -3*g + n*g. What are the prime factors of g?
163
Let f = 4190 + -2184. What are the prime factors of f?
2, 17, 59
Let i = -42 - -36. List the prime factors of (-53)/i + (-24)/(-144).
3
Let s(d) = d**2 + d - 2. Let b be s(-2). Suppose -2*u = -b*u - 92. What are the prime factors of u?
2, 23
List the prime factors of ((-8)/(-14))/(17/357).
2, 3
Suppose -68*h = -67*h - 873. List the prime factors of h.
3, 97
Suppose -b + 4*x + 96 = -5*b, -b = -4*x + 49. Let z = 60 - b. List the prime factors of z.
89
List the prime factors of 228/570 - (-2686)/10.
269
Let v(x) = 8*x**3 - x**2 + 1. Let q be v(1). Let y = -9 + q. List the prime factors of 1/y - -6*4.
23
Suppose -v + 4*r + 2803 = 0, -r + 5597 = 32*v - 30*v. List the prime factors of v.
3, 311
What are the prime factors of (187/(-51))/(1 + (-356)/354)?
11, 59
Let s be 4 + -1 - 6 - -5. Suppose -s*d = -8*d. List the prime factors of d + 10 + (2 - 1).
11
What are the prime factors of (-3976)/(-21) - (1/1)/3?
3, 7
List the prime factors of 601/1 - (-5 + 8 + -9).
607
Suppose -n = -4*j - 5063, 21*n - 20*n = 2*j + 5065. List the prime factors of n.
3, 563
Let w = 2643 - 437. List the prime factors of w.
2, 1103
Let y be (-3)/9 - (-16)/3. Suppose y*v + 8 = 298. Suppose 0 = o + 3*m - 27, m - v = -3*o - 17. List the prime factors of o.
2, 3
Suppose 5*u = 11 - 221. Let m be (-6)/u + 166/14. Suppose m = v - 2. List the prime factors of v.
2, 7
Suppose 2*t = -g - 3*g + 10, 3*t = 3. List the prime factors of g + (-3 + 89)*1.
2, 11
Suppose -3*c = -n + 39, 28 = 2*n + 2*c + 2*c. Let t = -21 + n. List the prime factors of t.
3
Let t(w) = 48*w - 88. List the prime factors of t(12).
2, 61
What are the prime factors of 4650/372*(2038/10 - -1)?
2, 5
Suppose -1867 = 42*z - 44*z - f, -9 = -3*f. List the prime factors of z.
2, 233
Let f(q) = -100*q + 630. List the prime factors of f(-19).
2, 5, 11, 23
Let i(l) = -l**3 - 28*l**2 + 28*l + 72. List the prime factors of i(-29).
101
Suppose 2*u + 44 = c + 231, -4*c - 97 = -u. Suppose -4*t - u = -5*t. What are the prime factors of t?
3, 31
Let q(l) = -l**3 + 11*l**2 - 4*l + 6. Let g be q(11). Let j = 73 + g. Let s = j - -6. List the prime factors of s.
41
Suppose 4*x - 9*x = -35. Let t = x + -2. Suppose w = -w + 8, t*f = -2*w + 163. List the prime factors of f.
31
Let x = 13 - 8. Suppose 4*q + u + 158 = 775, 0 = x*q - 3*u - 767. List the prime factors of q.
2, 7, 11
Let b be 1*14*(-1)/(-2). Let c = -9 - -8. Let h = b + c. What are the prime factors of h?
2, 3
Let v = 913 + -829. What are the prime factors of v?
2, 3, 7
Let z be 0/((-3 - 1) + 3). Suppose 3*p - 2*p = z. Suppose b + 4*c - 26 = p, b + 2*c = -3*c + 25. List the prime factors of b.
2, 3, 5
Let x(v) be the second derivative of 13*v**5/20 - 5*v**4/12 + 5*v**3/6 - 3*v**2/2 + 17*v. List the prime factors of x(2).
7, 13
Let p(u) = 3*u**2 + 5. Let n be p(-5). Suppose n = 2*r + 2*r. List the prime factors of r.
2, 5
Let s(l) be the second derivative of 13*l**4/6 + l**3/6 - 3*l. What are the prime factors of s(1)?
3
Suppose 3 = 4*x - 1. Let b = x - 1. Suppose b = -3*c + 2*c + 6. List the prime factors of c.
2, 3
Suppose 0 = -3*l + 7 + 5. Let c be (l/12)/(2/150). Suppose 5*p + c = 2*x + 3*x, 3*x = 2*p + 16. List the prime factors of x.
2, 3
Let p be ((-3)/(9/2))/((-4)/1578). Suppose -2*m + 3*m - 47 = -z, -2*z - p = -5*m. What are the prime factors of m?
3, 17
Let a be (3*3)/(24/(-16)). Let m be (-266)/a + (-2)/(-3). Suppose 5*x - m = 10. List the prime factors of x.
11
Let s be 82*(4 + -6)/(-1 + -3). Let a = 92 - s. What are the prime factors of a?
3, 17
Let r = -12 + 22. Suppose 0 = -2*x + 5*c + 22, 3*x - 14*c + r*c = 26. What are the prime factors of x?
2, 3
Suppose -21*u = -7*u - 32480. What are the prime factors of u?
2, 5, 29
What are the prime factors of (142/6)/(31/1023)?
11, 71
Let n(m) = 2*m + 81. What are the prime factors of n(13)?
107
Suppose -t = -5*d - 12, -3*t - 4*d + 25 + 11 = 0. Let m(c) = 15*c - 61. What are the prime factors of m(t)?
7, 17
Suppose -3*j = -a - 85, 6*j - 3*j + 2*a = 100. Suppose v - 75 = j. What are the prime factors of v?
3, 5, 7
Let h(y) = y + 5. Let t be h(-2). Suppose t*u = 5*u - 290. What are the prime factors of u?
5, 29
Let a(o) = o. Let u(z) = 9*z - 8. Let l(p) = -12*a(p) + 3*u(p). What are the prime factors of l(4)?
2, 3
Let k(x) = 3*x**2 + 2*x + 26. Let q(t) = -3*t**3 + t**2 + 8. Let s be q(0). What are the prime factors of k(s)?
2, 3, 13
Suppose -5*o + o - 8 = 0. List the prime factors of (-7)/(-14) + (-353)/(-2) + o.
5, 7
Let b(u) = -u**2 - 4*u + 7. Let k(x) = x**2 + 2*x - 3. Let h(f) = 3*b(f) + 7*k(f). Suppose 0 = -2*s - 3*i - 21, -2*i - 3 = 7. List the prime factors of h(s).
2, 3, 5
Let j = 9 + 7. Suppose 5*x = -3*i - i - 16, 3*x - j = 4*i. Suppose 0 = h - x - 15. What are the prime factors of h?
3, 5
Suppose 4*v - 408 = 28. What are the prime factors of v?
109
Suppose -2*v - 6 = 0, 44*z - 43*z - 3454 = -2*v. List the prime factors of z.
2, 5, 173
Let x(l) = 156*l**2 + 13*l - 2. Let b be x(-2). Suppose 117*h = 119*h - b. What are the prime factors of h?
2, 149
Suppose -q - 14 = -6*w + w, 5*w - 2*q - 13 = 0. Suppose -2*v + 168 = 4*a, -w*v + 0*a - 5*a + 252 = 0. List the prime factors of v.
2, 3, 7
Let h(t) be the second derivative of t**6/360 - t**5/24 + t**4/6 + t**3/3 - 4*t. Let f(o) be the second derivative of h(o). What are the prime factors of f(6)?
2, 5
Suppose 0 = -4*j - 11 - 9, -3*d - 3*j = 1461. What are the prime factors of d/(-3) - (-5)/15?
7, 23
Suppose 383 = o + 5*x, -5*o + 1818 = 2*x - 5. Suppose -o = -11*i + 748. What are the prime factors of i?
101
Let q = 34 + -41. Let y = 37 + q. List the prime factors of y.
2, 3, 5
Let j be -20*(-15)/(-10) + -1. Let g = 122 - j. List the prime factors of g.
3, 17
Let t = 2603 - 2128. What are the prime factors of t?
5, 19
Let y = -7233 - -12261. List the prime factors of y.
2, 3, 419
Suppose -4*g = -13*g - 81. What are the prime factors of -1*(g/(-12)*4 - 32)?
29
Let t(p) = -29*p - 4. Let o be t(-8). Let g = o + -125. What are the prime factors of g?
103
Let k(t) = -t + 1. Let a(w) = 19*w + 11. Let n(g) = -a(g) + 6*k(g). List the prime factors of n(-5).
2, 3, 5
Let d(p) = -25*p + 73. Let t(z) = -50*z + 145. Let g(n) = -5*d(n) + 3*t(n). List the prime factors of g(-6).
2, 5, 11
Let w(s) = -9*s. Let z be w(-2). Let c = z - 7. Suppose 5*v - c - 79 = 0. What are the prime factors of v?
2, 3
Suppose 8*x + 2214 - 8622 = 0. List the prime factors of x.
3, 89
List the prime factors of -927*((-20)/6)/10.
3, 103
Let c(a) = -a**3 + 27*a**2 + 31*a + 66. What are the prime factors of c(27)?
3, 7, 43
Let s(b) = -12*b - 77. Let z(o) = -10*o - 75. Let t(a) = 4*s(a) - 5*z(a). Let l(y) = y + 7. Let w be l(-7). What are the prime factors of t(w)?
67
Let k be ((-62)/3)/(-3 - (-100)/36). Let n = k + -65. List the prime factors of n.
2, 7
Let k be (-13 - -8)*(-4)/5. Suppose -3*c + 18 = k*d, -3*c + 5*c - 1 = d. Let z(q) = 16*q - 3. List the prime factors of z(c).
29
Let r(c) = c**3 + 7*c**2 - c - 3. Let n be r(-4). Suppose 2*o - 60 = 2*h, -2*h + 5*o = o + 64. Let s = n + h. List the prime factors of s.
3, 7
Let g = 14 + -25. Let h(n) = -n**2 - 10*n + 15. What are the prime factors of h(g)?
2
Suppose 2*d - 4 + 0 = 2*f, -2*f + 3*d - 8 = 0. Suppose 2*x - 92 = -2*b, f*x + 138 = 3*b - 0*b. List the prime factors of b.
2, 23
Let m(z) = -25*z + 152. Let u(w) = -8*w + 51. Let j(g) = -6*m(g) + 17*u(g). List the prime factors of j(13).
137
Suppose -5*b - p + 119 = -56, -2*b = -5*p - 43. Suppose -3*z